26. Let l be v(-5). Let t = -177 + l. What is the remainder when 45 is divided by t?
21
Suppose 4*r + 6 = 7*r. Suppose 0 = -2*y - y + 2394. Calculate the remainder when 19 is divided by y/98 + r/(-14).
3
What is the remainder when 16/(-128)*-188*14 is divided by 175?
154
Suppose -4762*z - 78 = -3*o - 4768*z, 5*o = -4*z + 124. Calculate the remainder when 24861 is divided by o.
21
Suppose -9*z + 3216 = 125*z. Calculate the remainder when 693 is divided by z.
21
Suppose -21*j - 72 + 1467 = -432. Calculate the remainder when j is divided by 13.
9
Let p(x) = 3*x - 3. Let b(s) = s**2 + 2*s - 3. Let c be b(-3). Let y be p(c). What is the remainder when 40 is divided by 15 - (y + (-3 - -2) + 5)?
12
Let f = 70 + -69. Let x(b) = 122*b**2 + 4*b - 2. What is the remainder when x(f) is divided by 21?
19
Suppose 26*q = 17*q + 54. Suppose 3*h - 4*o = 0, h - 4*o = -2 - q. Calculate the remainder when 81 is divided by h.
1
Suppose 2*g - 29 = 7. What is the remainder when 106 is divided by 12/g + 20/6?
2
Suppose -7 = -2*k + 7. What is the remainder when (-1263)/(-24) - 48/32*3/(-12) is divided by k?
4
Suppose 21*y = 23 + 19. Suppose 5*s + 91 = 2*d, 0*s = y*d - 2*s - 82. Calculate the remainder when 413 is divided by d.
33
Let f = -11 - -46. Calculate the remainder when f is divided by (57/(-18))/((583/(-66))/53).
16
Let v(m) = -m + 3. Let w be v(2). What is the remainder when 122 is divided by w*(15/120 + 990/16)?
60
Suppose -3*q - 372 = -1284. Let t(d) = 4*d**3 - 3*d**2 + 11*d + 2. Calculate the remainder when q is divided by t(2).
40
Let u = 158 + -536. Let k = -136 - u. Calculate the remainder when k is divided by 35.
32
Let f be 4 + (4 - 1) + -36. Let u = -24 - f. What is the remainder when 22 is divided by (u - 18/4)/((-1)/(-28))?
8
Suppose 4*t + p + p - 16 = 0, 5*p = 4*t - 30. Suppose t*a - 70 = -5*o, 2*o + 2 = -0*o + 4*a. What is the remainder when 357 is divided by o?
6
Suppose z = r + 1, -1 + 17 = 5*r + 2*z. Suppose -r*a + 3*f = a - 294, 3*a + f = 282. What is the remainder when a is divided by 51?
44
Let z(m) = m**2 - 4*m - 4. Let l be z(5). Calculate the remainder when (-5)/(-2 + l)*15 is divided by -26*2*51/(-102).
23
Suppose -48 = -7940*n + 7937*n. Let d(b) = b**2 + 5*b + 4. Let x be d(-4). Suppose 2*u + x*u = 12. Calculate the remainder when n is divided by u.
4
Let w be ((-10)/(-8))/(-4 + 189/48). Let b be w/(-50) - 36/(-10). Suppose 4*r - 96 = -b*r. What is the remainder when 21 is divided by r?
9
Let g = -335 - -388. Let s(h) = h**2 - 52*h - 1. Calculate the remainder when s(g) is divided by 18.
16
What is the remainder when 733 is divided by 12/30*(-840)/(-16)?
19
Suppose -4*w - 59*k = -55*k - 72, 0 = -4*w - 2*k + 68. What is the remainder when 2159 is divided by w?
15
Suppose y = 3*o - 6, 2*o - 4 = -0*o. Suppose 2*g + 3 - 7 = y. Calculate the remainder when -7 - (14 + -30) - 6 is divided by g.
1
Let m = -36 - -32. Let n(u) = -14*u - 34. What is the remainder when 75 is divided by n(m)?
9
Let m(p) = -3*p**3 + 272*p**2 + 97*p - 537. What is the remainder when (-5)/10 + (-126)/(-4) is divided by m(91)?
4
Let o(u) = -125*u - 42. Calculate the remainder when 178 is divided by o(-1).
12
Let x(d) = 101*d + 463. Calculate the remainder when 358 is divided by x(-4).
4
Suppose -5*i = 5*c - 150, -5*c - 3*i + 190 = -6*i. Let q = 7 - c. Let n = 67 + q. What is the remainder when 114 is divided by n?
36
Suppose 4*w = w - 3*u + 12, -u = 2*w - 4. Suppose 9*j - 10*j - 9 = w. Calculate the remainder when (-542)/j + 26/(-117) is divided by 31.
29
Let q be 4*(-3)/(-4) - 19. Let d(l) be the second derivative of -2*l**3/3 - 6*l**2 - l. Calculate the remainder when d(q) is divided by 9.
7
Let u(t) = t**3 + 15*t**2 + 13*t - 1. Calculate the remainder when u(-8) is divided by 164.
15
Let d(u) = -4*u + 7. Let t = 6912 + -6728. Calculate the remainder when t is divided by d(-5).
22
Suppose 2346*v - 198 = 2340*v. What is the remainder when 157 is divided by v?
25
Let m(s) = 3*s + 68. Let y be m(0). Let u = 48 - y. Let v = u - -56. Calculate the remainder when v is divided by 15.
6
Suppose -3*s - 4*j = -85, s - 12*j = -10*j + 15. Let n = -76 - -350. Calculate the remainder when n is divided by s.
21
Suppose -30*k + 6*k = -10891 - 1997. Calculate the remainder when k is divided by 136.
129
Suppose -9*g = -153 - 90. Let w = -23 + 181. Calculate the remainder when w is divided by g.
23
Let y = -6200 - -6598. What is the remainder when y is divided by 4?
2
Suppose 104*u - 3*g = 101*u + 84, 4*g - 104 = -5*u. Calculate the remainder when 42 is divided by u.
18
Let s = 720 + -494. Suppose s = 2*d + 118. Calculate the remainder when d is divided by 30.
24
What is the remainder when 5/4 + (141/(-846))/((-4)/13506) is divided by 30?
24
Suppose -21*j = -16*j + h - 2903, -j - 2*h = -595. Calculate the remainder when j is divided by 10.
9
Let j = 52 + -48. Suppose -36 = -j*o - 5*o. Suppose 0*s + 3*s = -6, -o*r + 466 = s. What is the remainder when r is divided by 30?
27
Let y = 263 - 253. Let u(h) = 11*h - 2*h**2 + h**2 + 8 - h. Calculate the remainder when 31 is divided by u(y).
7
Suppose 0 = 249*z - 247*z - 266. Calculate the remainder when z is divided by 97.
36
Let t = 2545 - 1983. Calculate the remainder when t is divided by 13.
3
Let o = 3484 - 3417. Calculate the remainder when 417 is divided by o.
15
Let y = -655 + 420. Let z = y + 252. What is the remainder when 116 is divided by z?
14
Suppose -81*y = -97*y + 9920. Calculate the remainder when 1870 is divided by y.
10
Let d(w) = 3*w**2 + 48*w - 10. Suppose 4 + 3 = f. Suppose -f = -i + 8. What is the remainder when d(-17) is divided by i?
11
Suppose -1620 - 12067 = -86*k - 3883. Calculate the remainder when 909 is divided by k.
111
Let v(n) be the first derivative of -n**4/2 + 7*n**3/3 + 19*n**2/2 - 7*n - 66. What is the remainder when v(-3) is divided by 7?
4
Suppose 18*a + 18 - 358 = a. Calculate the remainder when 100 is divided by a.
0
Let f = 138 - 287. Let y = f - -89. Let g = y + 63. Calculate the remainder when 18 is divided by g.
0
Let q(z) = 2*z**3 + 68*z**2 + 17*z + 626. What is the remainder when 1001 is divided by q(-34)?
41
Let r(w) = -119*w - 2469. Calculate the remainder when 2184 is divided by r(-21).
24
Let t(g) = -g**3 + 4*g**2 + 3*g - 8. Let u be t(4). Let b be (-7 - u*(-1)/1)*-1. What is the remainder when (-2*3/6)/(b/(-123)) is divided by 15?
11
Let h(f) = 24*f**2 + 302*f - 301. What is the remainder when 3/12*0 - -97 is divided by h(1)?
22
Let t = 6 - 1. Suppose 0 = 4*g + 2*x - 10, -2*g + 6 = -t*x - 5. Suppose -25 = -2*v - g. Calculate the remainder when v is divided by 3.
2
Suppose -u + 2*l + 10 = -6*u, -2*l = 0. What is the remainder when 55 is divided by (-8)/(3/2 + u)?
7
Calculate the remainder when 367/4 - (((-15)/4)/(-5) + -1) is divided by 23.
0
Suppose -4*w + 151 = -74*r + 79*r, r - 3*w = 15. Let n = 10 - 7. Suppose 4*l = -5*g + 377, 2*l + n = -1. Calculate the remainder when g is divided by r.
23
What is the remainder when ((-18)/63*-14)/((-28)/(-1953)) is divided by 16?
7
Suppose -11*l - 4*h = -1323, -52*h - 357 = -3*l - 55*h. Calculate the remainder when l is divided by 31/((-3)/6 + 1).
59
What is the remainder when 56 is divided by (2/3)/(-11 + 67/6)?
0
Let z(x) be the second derivative of -x**5/20 + 5*x**4/6 - 11*x**3/6 - x. Calculate the remainder when z(8) is divided by 2 - -1 - (-3 - 5).
7
Let s = 26 + -12. Let u(p) = 8*p**2 - 4*p - 9. Let t be u(7). Let f = -335 + t. Calculate the remainder when f is divided by s.
6
What is the remainder when 1877 is divided by -1 - (-31005)/33 - 1068/1958?
1
Let z be 4/(-2)*2759/62. Let s = z - -104. Suppose s*k = 16*k - 11. What is the remainder when 35 is divided by k?
2
Suppose 0 = -20*p + 93*p - 601 - 1516. Calculate the remainder when 334 is divided by p.
15
Suppose 3*n - d = -59, 25 = -3*n + 2*d - 30. Let f(m) = m**2 + 8*m + 102. What is the remainder when f(n) is divided by 21?
18
Suppose 1216*g = 5*j + 1212*g - 1156, 0 = -3*j - 4*g + 636. Calculate the remainder when j is divided by 57.
53
Let o(v) = 3*v - 6. Let l = 20 + -12. Let y be o(l). What is the remainder when 44 is divided by 4*(y/3 - 3)?
8
Let l(x) = -x**2 + 12*x - 61. Let a be l(5). Let w(r) = r**3 + 26*r**2 - 5*r - 20. Calculate the remainder when w(a) is divided by 19.
15
Sup